{"id":46583,"date":"2021-02-04T20:19:30","date_gmt":"2021-02-04T20:19:30","guid":{"rendered":"https:\/\/sacye.cl\/?page_id=46583"},"modified":"2021-02-04T20:30:33","modified_gmt":"2021-02-04T20:30:33","slug":"administracion-de-condominios","status":"publish","type":"page","link":"https:\/\/sacye.cl\/index.php\/administracion-de-condominios\/","title":{"rendered":"Administraci\u00f3n de Condominios"},"content":{"rendered":"<p>[et_pb_section fb_built=\u00bb1&#8243; fullwidth=\u00bbon\u00bb admin_label=\u00bbPage Header\u00bb _builder_version=\u00bb4.7.7&#8243; background_image=\u00bbhttps:\/\/sacye.cl\/wp-content\/uploads\/2021\/02\/admin-condominios-min.jpg\u00bb parallax=\u00bbon\u00bb hover_enabled=\u00bb0&#8243; sticky_enabled=\u00bb0&#8243; title_text=\u00bbadmin condominios-min\u00bb][et_pb_fullwidth_header title=\u00bbAdministraci\u00f3n de Condominios\u00bb text_orientation=\u00bbcenter\u00bb admin_label=\u00bbHero Section\u00bb _builder_version=\u00bb4.7.7&#8243; title_font=\u00bbMontserrat|on|||\u00bb title_font_size=\u00bb60px\u00bb title_line_height=\u00bb1.4em\u00bb content_font_size=\u00bb22px\u00bb content_line_height=\u00bb1.8em\u00bb subhead_font=\u00bb||||\u00bb background_color=\u00bbrgba(255, 255, 255, 0)\u00bb use_background_color_gradient=\u00bbon\u00bb background_color_gradient_start=\u00bb#21518e\u00bb background_color_gradient_end=\u00bbrgba(33,102,170,0.53)\u00bb custom_button_one=\u00bbon\u00bb button_one_text_size=\u00bb16px\u00bb button_one_bg_color=\u00bb#6eba01&#8243; button_one_border_width=\u00bb2px\u00bb button_one_border_color=\u00bb#6eba01&#8243; button_one_border_radius=\u00bb0&#8243; button_one_letter_spacing=\u00bb2&#8243; button_one_font=\u00bbMontserrat|||on|\u00bb button_one_use_icon=\u00bboff\u00bb custom_button_two=\u00bbon\u00bb button_two_text_size=\u00bb16px\u00bb button_two_border_width=\u00bb2px\u00bb button_two_border_color=\u00bb#ffffff\u00bb button_two_border_radius=\u00bb0&#8243; button_two_letter_spacing=\u00bb2&#8243; button_two_font=\u00bbMontserrat|||on|\u00bb button_two_use_icon=\u00bboff\u00bb module_alignment=\u00bbleft\u00bb animation_style=\u00bbfade\u00bb hover_enabled=\u00bb0&#8243; button_one_text_color_hover=\u00bb#6eba01&#8243; button_two_text_color_hover=\u00bb#6eba01&#8243; button_one_border_color_hover=\u00bb#ffffff\u00bb button_two_border_color_hover=\u00bb#ffffff\u00bb button_one_border_radius_hover=\u00bb0&#8243; button_two_border_radius_hover=\u00bb0&#8243; button_one_letter_spacing_hover=\u00bb2&#8243; button_two_letter_spacing_hover=\u00bb2&#8243; button_one_bg_color_hover=\u00bb#ffffff\u00bb button_two_bg_color_hover=\u00bb#ffffff\u00bb button_one_text_size__hover_enabled=\u00bboff\u00bb button_two_text_size__hover_enabled=\u00bboff\u00bb button_one_text_color__hover_enabled=\u00bbon\u00bb button_one_text_color__hover=\u00bb#6eba01&#8243; button_two_text_color__hover_enabled=\u00bbon\u00bb button_two_text_color__hover=\u00bb#6eba01&#8243; button_one_border_width__hover_enabled=\u00bboff\u00bb button_two_border_width__hover_enabled=\u00bboff\u00bb button_one_border_color__hover_enabled=\u00bbon\u00bb button_one_border_color__hover=\u00bb#ffffff\u00bb button_two_border_color__hover_enabled=\u00bbon\u00bb button_two_border_color__hover=\u00bb#ffffff\u00bb button_one_border_radius__hover_enabled=\u00bbon\u00bb button_one_border_radius__hover=\u00bb0&#8243; button_two_border_radius__hover_enabled=\u00bbon\u00bb button_two_border_radius__hover=\u00bb0&#8243; button_one_letter_spacing__hover_enabled=\u00bbon\u00bb button_one_letter_spacing__hover=\u00bb2&#8243; button_two_letter_spacing__hover_enabled=\u00bbon\u00bb button_two_letter_spacing__hover=\u00bb2&#8243; button_one_bg_color__hover_enabled=\u00bbon\u00bb button_one_bg_color__hover=\u00bb#ffffff\u00bb button_two_bg_color__hover_enabled=\u00bbon\u00bb button_two_bg_color__hover=\u00bb#ffffff\u00bb sticky_enabled=\u00bb0&#8243;][\/et_pb_fullwidth_header][\/et_pb_section][et_pb_section fb_built=\u00bb1&#8243; admin_label=\u00bbFAQ\u00bb _builder_version=\u00bb3.22&#8243; custom_padding=\u00bb0px|0px|90px|0px||\u00bb][et_pb_row _builder_version=\u00bb3.25&#8243; background_size=\u00bbinitial\u00bb background_position=\u00bbtop_left\u00bb background_repeat=\u00bbrepeat\u00bb custom_padding=\u00bb45px|0px|1px|0px||\u00bb custom_width_px=\u00bb710px\u00bb][et_pb_column type=\u00bb4_4&#8243; _builder_version=\u00bb3.25&#8243; background_position=\u00bbtop_left\u00bb custom_padding=\u00bb|||\u00bb custom_padding__hover=\u00bb|||\u00bb][et_pb_divider color=\u00bb#2166aa\u00bb divider_weight=\u00bb3px\u00bb disabled_on=\u00bboff|off|off\u00bb _builder_version=\u00bb4.7.7&#8243; background_color_gradient_direction=\u00bb90deg\u00bb max_width=\u00bb100px\u00bb module_alignment=\u00bbcenter\u00bb height=\u00bb5px\u00bb custom_margin=\u00bb||20px|\u00bb custom_padding=\u00bb||20px|\u00bb animation_style=\u00bbslide\u00bb animation_direction=\u00bbbottom\u00bb hover_enabled=\u00bb0&#8243; saved_tabs=\u00bball\u00bb locked=\u00bboff\u00bb sticky_enabled=\u00bb0&#8243;][\/et_pb_divider][\/et_pb_column][\/et_pb_row][et_pb_row _builder_version=\u00bb4.7.7&#8243; _module_preset=\u00bbdefault\u00bb hover_enabled=\u00bb0&#8243; sticky_enabled=\u00bb0&#8243;][et_pb_column type=\u00bb4_4&#8243; _builder_version=\u00bb4.7.7&#8243; _module_preset=\u00bbdefault\u00bb][et_pb_text _builder_version=\u00bb4.7.7&#8243; _module_preset=\u00bbdefault\u00bb hover_enabled=\u00bb0&#8243; sticky_enabled=\u00bb0&#8243;]<\/p>\n<p>La administraci\u00f3n de condominios es una tarea cada vez m\u00e1s compleja, tanto para los copropietarios como tambi\u00e9n para el comit\u00e9 de administraci\u00f3n, ya que requiere del conocimiento de m\u00faltiples\u00a0 funciones y legislaci\u00f3n, no solo en el \u00e1rea de la copropiedad, sino que tambi\u00e9n en el \u00e1rea laboral, contable y operacional..<\/p>\n<p>Las personas que viven en edificios o condominios conocen la diversidad de problemas que se presentan con las administraciones, uno de ellos es por desorden en la contabilizaci\u00f3n de los ingresos y gastos, lo que generalmente termina con p\u00e9rdidas de dinero, otro problema com\u00fan es la falta de conocimiento de la Ley, no solo de copropiedad inmobiliaria, sino tambi\u00e9n de la legislaci\u00f3n laboral, incluida la subcontrataci\u00f3n, esto afecta directamente a los condominios, ya sea porque tengan contratado directamente al personal de servicio o est\u00e9n externalizados a trav\u00e9s de la empresa administradora. Todas estas anomal\u00edas terminan con p\u00e9rdidas de dinero por extrav\u00edos de ellos o multas aplicadas a los condominios, principalmente por la inspecci\u00f3n del trabajo.<\/p>\n<p>Es por lo anterior, que nuestro principal objetivo, es mantener un orden claro de todos los dineros ingresados y egresados desde la cuenta del edificio o condominio, con la respectiva documentaci\u00f3n de respaldo, de manera que puedan ser f\u00e1cilmente auditables y comprensibles por todos los copropietarios sin necesitar de conocimientos t\u00e9cnicos avanzados para su revisi\u00f3n y comprensi\u00f3n, adem\u00e1s, es fundamental contar con una asesor\u00eda jur\u00eddica permanente en la gesti\u00f3n de administraci\u00f3n, ya que esto permitir\u00e1 prever cualquier riesgo de infracci\u00f3n a la ley laboral, evitando el riesgo de tener que pagar multas.<\/p>\n<p>Nuestro servicio est\u00e1 enfocado en entregar una eficiente gesti\u00f3n en la administraci\u00f3n de edificios y condominios, que permitir\u00e1 controlar al detalle los dineros, proyectar gastos para el desarrollo de nuevas inversiones, provisionar recursos para eventualidades o casos fortuitos y procurar la mantenci\u00f3n de la infraestructura evitando emergencias. Como apoyo a la gesti\u00f3n, contamos con una asesor\u00eda jur\u00eddica permanente para resguardar los intereses de la comunidad haciendo una revisi\u00f3n completa de los contratos del personal o de servicios que este mantenga vigente, velar por el cumplimiento de lo establecido en el c\u00f3digo del trabajo, revisar los reglamentos internos (piscina \u2013 canchas \u2013 quinchos \u2013 salas de eventos), dar soluciones flexibles y eficaces a los problemas que se presenten por cumplimiento del reglamento de copropiedad y contar con sistemas de procedimiento para cada eventualidad.<\/p>\n<p>En SACYE, como sociedad administradora de condominios y edificios, velamos por los intereses econ\u00f3micos y f\u00edsicos, de todos los copropietarios o residentes de un condominio controlando y previniendo las eventualidades. Entregamos un servicio responsable, transparente, abierto y orientador, entregando tranquilidad, seguridad y confianza respecto de las labores que debe realizar. Logramos esto, ya que contamos con un equipo de profesionales\u00a0 que desarrollan la actividad con la experiencia necesaria\u00a0 y\u00a0 un conocimiento acabado en las distintas \u00e1reas que intervienen en ella.<\/p>\n<p>&nbsp;<\/p>\n<p>[\/et_pb_text][\/et_pb_column][\/et_pb_row][\/et_pb_section]<\/p>\n","protected":false},"excerpt":{"rendered":"<p>La administraci\u00f3n de condominios es una tarea cada vez m\u00e1s compleja, tanto para los copropietarios como tambi\u00e9n para el comit\u00e9 de administraci\u00f3n, ya que requiere del conocimiento de m\u00faltiples\u00a0 funciones y legislaci\u00f3n, no solo en el \u00e1rea de la copropiedad, sino que tambi\u00e9n en el \u00e1rea laboral, contable y operacional.. Las personas que viven en [&hellip;]<\/p>\n","protected":false},"author":1,"featured_media":0,"parent":0,"menu_order":0,"comment_status":"closed","ping_status":"closed","template":"","meta":{"_et_pb_use_builder":"on","_et_pb_old_content":"","_et_gb_content_width":"","footnotes":""},"class_list":["post-46583","page","type-page","status-publish","hentry"],"_links":{"self":[{"href":"https:\/\/sacye.cl\/index.php\/wp-json\/wp\/v2\/pages\/46583","targetHints":{"allow":["GET"]}}],"collection":[{"href":"https:\/\/sacye.cl\/index.php\/wp-json\/wp\/v2\/pages"}],"about":[{"href":"https:\/\/sacye.cl\/index.php\/wp-json\/wp\/v2\/types\/page"}],"author":[{"embeddable":true,"href":"https:\/\/sacye.cl\/index.php\/wp-json\/wp\/v2\/users\/1"}],"replies":[{"embeddable":true,"href":"https:\/\/sacye.cl\/index.php\/wp-json\/wp\/v2\/comments?post=46583"}],"version-history":[{"count":2,"href":"https:\/\/sacye.cl\/index.php\/wp-json\/wp\/v2\/pages\/46583\/revisions"}],"predecessor-version":[{"id":46588,"href":"https:\/\/sacye.cl\/index.php\/wp-json\/wp\/v2\/pages\/46583\/revisions\/46588"}],"wp:attachment":[{"href":"https:\/\/sacye.cl\/index.php\/wp-json\/wp\/v2\/media?parent=46583"}],"curies":[{"name":"wp","href":"https:\/\/api.w.org\/{rel}","templated":true}]}}