{"id":46590,"date":"2021-02-04T20:31:14","date_gmt":"2021-02-04T20:31:14","guid":{"rendered":"https:\/\/sacye.cl\/?page_id=46590"},"modified":"2021-02-04T20:38:43","modified_gmt":"2021-02-04T20:38:43","slug":"asesoria-legal-y-laboral","status":"publish","type":"page","link":"https:\/\/sacye.cl\/index.php\/asesoria-legal-y-laboral\/","title":{"rendered":"Asesor\u00eda Legal y Laboral"},"content":{"rendered":"<p>[et_pb_section fb_built=\u00bb1&#8243; fullwidth=\u00bbon\u00bb admin_label=\u00bbPage Header\u00bb _builder_version=\u00bb4.7.7&#8243; background_image=\u00bbhttps:\/\/sacye.cl\/wp-content\/uploads\/2021\/02\/asesoria.jpg\u00bb parallax=\u00bbon\u00bb hover_enabled=\u00bb0&#8243; title_text=\u00bbasesoria\u00bb sticky_enabled=\u00bb0&#8243;][et_pb_fullwidth_header title=\u00bbAsesor\u00eda Legal y Laboral\u00bb text_orientation=\u00bbcenter\u00bb admin_label=\u00bbHero Section\u00bb _builder_version=\u00bb4.7.7&#8243; title_font=\u00bbMontserrat|on|||\u00bb title_font_size=\u00bb60px\u00bb title_line_height=\u00bb1.4em\u00bb content_font_size=\u00bb22px\u00bb content_line_height=\u00bb1.8em\u00bb subhead_font=\u00bb||||\u00bb background_color=\u00bbrgba(255, 255, 255, 0)\u00bb use_background_color_gradient=\u00bbon\u00bb background_color_gradient_start=\u00bb#21518e\u00bb background_color_gradient_end=\u00bbrgba(33,102,170,0.53)\u00bb custom_button_one=\u00bbon\u00bb button_one_text_size=\u00bb16px\u00bb button_one_bg_color=\u00bb#6eba01&#8243; button_one_border_width=\u00bb2px\u00bb button_one_border_color=\u00bb#6eba01&#8243; button_one_border_radius=\u00bb0&#8243; button_one_letter_spacing=\u00bb2&#8243; button_one_font=\u00bbMontserrat|||on|\u00bb button_one_use_icon=\u00bboff\u00bb custom_button_two=\u00bbon\u00bb button_two_text_size=\u00bb16px\u00bb button_two_border_width=\u00bb2px\u00bb button_two_border_color=\u00bb#ffffff\u00bb button_two_border_radius=\u00bb0&#8243; button_two_letter_spacing=\u00bb2&#8243; button_two_font=\u00bbMontserrat|||on|\u00bb button_two_use_icon=\u00bboff\u00bb module_alignment=\u00bbleft\u00bb animation_style=\u00bbfade\u00bb hover_enabled=\u00bb0&#8243; button_one_text_color_hover=\u00bb#6eba01&#8243; button_two_text_color_hover=\u00bb#6eba01&#8243; button_one_border_color_hover=\u00bb#ffffff\u00bb button_two_border_color_hover=\u00bb#ffffff\u00bb button_one_border_radius_hover=\u00bb0&#8243; button_two_border_radius_hover=\u00bb0&#8243; button_one_letter_spacing_hover=\u00bb2&#8243; button_two_letter_spacing_hover=\u00bb2&#8243; button_one_bg_color_hover=\u00bb#ffffff\u00bb button_two_bg_color_hover=\u00bb#ffffff\u00bb button_one_text_size__hover_enabled=\u00bboff\u00bb button_two_text_size__hover_enabled=\u00bboff\u00bb button_one_text_color__hover_enabled=\u00bbon\u00bb button_one_text_color__hover=\u00bb#6eba01&#8243; button_two_text_color__hover_enabled=\u00bbon\u00bb button_two_text_color__hover=\u00bb#6eba01&#8243; button_one_border_width__hover_enabled=\u00bboff\u00bb button_two_border_width__hover_enabled=\u00bboff\u00bb button_one_border_color__hover_enabled=\u00bbon\u00bb button_one_border_color__hover=\u00bb#ffffff\u00bb button_two_border_color__hover_enabled=\u00bbon\u00bb button_two_border_color__hover=\u00bb#ffffff\u00bb button_one_border_radius__hover_enabled=\u00bbon\u00bb button_one_border_radius__hover=\u00bb0&#8243; button_two_border_radius__hover_enabled=\u00bbon\u00bb button_two_border_radius__hover=\u00bb0&#8243; button_one_letter_spacing__hover_enabled=\u00bbon\u00bb button_one_letter_spacing__hover=\u00bb2&#8243; button_two_letter_spacing__hover_enabled=\u00bbon\u00bb button_two_letter_spacing__hover=\u00bb2&#8243; button_one_bg_color__hover_enabled=\u00bbon\u00bb button_one_bg_color__hover=\u00bb#ffffff\u00bb button_two_bg_color__hover_enabled=\u00bbon\u00bb button_two_bg_color__hover=\u00bb#ffffff\u00bb sticky_enabled=\u00bb0&#8243;][\/et_pb_fullwidth_header][\/et_pb_section][et_pb_section fb_built=\u00bb1&#8243; admin_label=\u00bbFAQ\u00bb _builder_version=\u00bb3.22&#8243; custom_padding=\u00bb0px|0px|90px|0px||\u00bb][et_pb_row _builder_version=\u00bb3.25&#8243; background_size=\u00bbinitial\u00bb background_position=\u00bbtop_left\u00bb background_repeat=\u00bbrepeat\u00bb custom_padding=\u00bb45px|0px|1px|0px||\u00bb custom_width_px=\u00bb710px\u00bb][et_pb_column type=\u00bb4_4&#8243; _builder_version=\u00bb3.25&#8243; background_position=\u00bbtop_left\u00bb custom_padding=\u00bb|||\u00bb custom_padding__hover=\u00bb|||\u00bb][et_pb_divider color=\u00bb#2166aa\u00bb divider_weight=\u00bb3px\u00bb disabled_on=\u00bboff|off|off\u00bb _builder_version=\u00bb4.7.7&#8243; background_color_gradient_direction=\u00bb90deg\u00bb max_width=\u00bb100px\u00bb module_alignment=\u00bbcenter\u00bb height=\u00bb5px\u00bb custom_margin=\u00bb||20px|\u00bb custom_padding=\u00bb||20px|\u00bb animation_style=\u00bbslide\u00bb animation_direction=\u00bbbottom\u00bb saved_tabs=\u00bball\u00bb locked=\u00bboff\u00bb][\/et_pb_divider][\/et_pb_column][\/et_pb_row][et_pb_row _builder_version=\u00bb4.7.7&#8243; _module_preset=\u00bbdefault\u00bb][et_pb_column type=\u00bb4_4&#8243; _builder_version=\u00bb4.7.7&#8243; _module_preset=\u00bbdefault\u00bb][et_pb_text _builder_version=\u00bb4.7.7&#8243; _module_preset=\u00bbdefault\u00bb hover_enabled=\u00bb0&#8243; sticky_enabled=\u00bb0&#8243;]<\/p>\n<p>Nuestro servicio de asesor\u00eda legal y laboral a la comunidades, nuestra empresa cuenta con profesionales del \u00e1rea especializados, los cuales en base a las necesidades de la Comunidad pueden ofrecer:<\/p>\n<ul>\n<li>Asesor\u00eda en Ley de Copropiedad Inmobiliaria para\u00a0Copropietarios,\u00a0Comit\u00e9 de Administraci\u00f3n y\u00a0Administraci\u00f3n.<\/li>\n<li>Asesor\u00edas en Asambleas de Copropietarios ya sea la redacci\u00f3n y tramitaci\u00f3n de actas de Asamblea de Copropietarios, as\u00ed mismo, denuncias ante Juzgados de Polic\u00eda Local<\/li>\n<li>Asesor\u00eda en materias de Derecho Laboral y Seguridad Social.<\/li>\n<li>Cobranzas prejudiciales y judiciales de gastos comunes.<\/li>\n<li>Asesor\u00eda y representaci\u00f3n en juicios sobre copropiedad inmobiliaria ante Juzgados de Polic\u00eda Local.<\/li>\n<\/ul>\n<p>[\/et_pb_text][\/et_pb_column][\/et_pb_row][\/et_pb_section]<\/p>\n","protected":false},"excerpt":{"rendered":"<p>Nuestro servicio de asesor\u00eda legal y laboral a la comunidades, nuestra empresa cuenta con profesionales del \u00e1rea especializados, los cuales en base a las necesidades de la Comunidad pueden ofrecer: Asesor\u00eda en Ley de Copropiedad Inmobiliaria para\u00a0Copropietarios,\u00a0Comit\u00e9 de Administraci\u00f3n y\u00a0Administraci\u00f3n. Asesor\u00edas en Asambleas de Copropietarios ya sea la redacci\u00f3n y tramitaci\u00f3n de actas de Asamblea [&hellip;]<\/p>\n","protected":false},"author":1,"featured_media":0,"parent":0,"menu_order":0,"comment_status":"closed","ping_status":"closed","template":"","meta":{"_et_pb_use_builder":"on","_et_pb_old_content":"","_et_gb_content_width":"","footnotes":""},"class_list":["post-46590","page","type-page","status-publish","hentry"],"_links":{"self":[{"href":"https:\/\/sacye.cl\/index.php\/wp-json\/wp\/v2\/pages\/46590","targetHints":{"allow":["GET"]}}],"collection":[{"href":"https:\/\/sacye.cl\/index.php\/wp-json\/wp\/v2\/pages"}],"about":[{"href":"https:\/\/sacye.cl\/index.php\/wp-json\/wp\/v2\/types\/page"}],"author":[{"embeddable":true,"href":"https:\/\/sacye.cl\/index.php\/wp-json\/wp\/v2\/users\/1"}],"replies":[{"embeddable":true,"href":"https:\/\/sacye.cl\/index.php\/wp-json\/wp\/v2\/comments?post=46590"}],"version-history":[{"count":4,"href":"https:\/\/sacye.cl\/index.php\/wp-json\/wp\/v2\/pages\/46590\/revisions"}],"predecessor-version":[{"id":46596,"href":"https:\/\/sacye.cl\/index.php\/wp-json\/wp\/v2\/pages\/46590\/revisions\/46596"}],"wp:attachment":[{"href":"https:\/\/sacye.cl\/index.php\/wp-json\/wp\/v2\/media?parent=46590"}],"curies":[{"name":"wp","href":"https:\/\/api.w.org\/{rel}","templated":true}]}}